ate z(-24).
3
Let x(m) = 6*m + 46. Determine x(-15).
-44
Let u(f) = 11*f - 9. Calculate u(2).
13
Let w(m) = -m + 2. Calculate w(7).
-5
Let p(t) = -2*t**2 - 8*t - 3. Calculate p(-3).
3
Let b(x) = -x**2 + 6*x + 6. Determine b(9).
-21
Let q(n) = n**3 - 2*n**2 - 24*n + 11. Give q(-5).
-44
Let w(g) = -3*g - 11. What is w(-8)?
13
Let k(v) = -39*v - 738. Give k(-19).
3
Let h(i) = i**2 + 3*i + 6. What is h(-7)?
34
Let g(v) = -v**2 - 6*v + 22. Determine g(6).
-50
Let v(i) = -i**3 - 10*i**2 - i - 6. Give v(-10).
4
Let r(d) = -d**3 - 8*d**2 - 132*d - 730. Give r(-6).
-10
Let q(j) = -j**3 + 15*j**2 - 12*j - 40. Give q(14).
-12
Let k(o) = o**3 + 3*o**2 + 13*o + 4. Calculate k(-6).
-182
Let c(i) = i**2 - 12*i + 7. Determine c(6).
-29
Let h(g) = -g**2 - 4*g + 8. What is h(-6)?
-4
Let i(a) = 3*a**2 + 27*a + 8. Give i(-9).
8
Let d(g) = -7*g + 9. Give d(-3).
30
Let v(a) = a**3 - 8*a**2 + 13*a - 10. What is v(6)?
-4
Let f(m) = 2*m + 9. What is f(-4)?
1
Let c(y) = 2*y**2 - 16*y - 18. What is c(9)?
0
Let d(c) = c**2 + 12*c + 11. Calculate d(-10).
-9
Let u(d) = 6*d + 2. Calculate u(1).
8
Let y(h) = -h**3 + 10*h**2 + h + 1. Give y(10).
11
Let b(u) = 2*u - 13. What is b(6)?
-1
Let m(z) = -z**3 - 4*z**2 - 3*z. What is m(-3)?
0
Let c(t) = -t**2 - 5*t - 4. Calculate c(-3).
2
Let t(j) = -j**3 + 8*j**2 + 10*j - 4. Give t(8).
76
Let j(v) = -v**3 + 2*v**2 + v + 6. Give j(-3).
48
Let a(i) = -8*i + 49. What is a(-6)?
97
Let i(z) = 17*z - 4. Give i(0).
-4
Let z(h) = -h**3 - 14*h**2 + 17*h + 72. What is z(-15)?
42
Let y(u) = -u + 16. What is y(21)?
-5
Let s(b) = 34*b + 204. Determine s(-6).
0
Let y(n) = -n**3 + 8*n**2 - 2*n - 8. What is y(6)?
52
Let q(d) = -46*d**2 - 1. Calculate q(-1).
-47
Let r(f) = -18*f**2 - 4*f + 3. Give r(1).
-19
Let h(y) = y**2 + 43*y + 420. Give h(-15).
0
Let m(j) = j**2 - 5*j + 19. Calculate m(5).
19
Let z(t) = -4*t. What is z(-2)?
8
Let z(d) = 4*d**2 - 45*d + 7. Give z(11).
-4
Let y(m) = -m**3 - 11*m**2 - 18*m + 7. Give y(-8).
-41
Let i(w) = -w**2 + 6*w + 5. Determine i(7).
-2
Let a(t) = -5*t**2 + 3*t + 1. Calculate a(3).
-35
Let v(a) = -a**2 - 2*a - 32. Determine v(0).
-32
Let b(g) = -3*g**3 + 16*g**2 + 14*g - 13. What is b(6)?
-1
Let r(p) = -6*p + 27. What is r(-8)?
75
Let q(d) = 4*d - 4. Determine q(-3).
-16
Let a(l) = -2*l**2 - 5. Determine a(3).
-23
Let a(t) = t**3 - 19*t**2 + 16*t - 12. Determine a(18).
-48
Let l(u) = -2*u**2 - 17*u - 4. What is l(-8)?
4
Let u(z) = -z**2 + 26*z + 60. Calculate u(28).
4
Let s(h) = 2*h**2 + 12*h - 41. Give s(-8).
-9
Let a(f) = -8*f + 1. Determine a(8).
-63
Let t(y) = y**3 + 4*y**2 - y - 2. Calculate t(-3).
10
Let d(n) = n**3 + 5*n**2 + 3*n + 10. Calculate d(-5).
-5
Let m(l) = -l**2 + l - 6. Give m(-4).
-26
Let v(u) = -2*u**2 + 9*u - 5. Calculate v(2).
5
Let h(a) = a**3 - 7*a**2 + 5. Give h(7).
5
Let z(x) = x**3 - 14*x**2 + 44*x + 30. Calculate z(7).
-5
Let s(d) = 7*d - 1. Determine s(5).
34
Let n(d) = -d**2 + 4*d - 5. Calculate n(4).
-5
Let x(p) = -2*p**3 + 5*p**2 + 3*p - 7. Give x(3).
-7
Let d(f) = 20*f + 13. Give d(-1).
-7
Let u(o) = o**3 - 15*o**2 + 2*o - 27. Give u(15).
3
Let z(v) = v**3 + 11*v**2 + 14*v + 12. Give z(-9).
48
Let n(v) = 3*v + 1. What is n(2)?
7
Let q(l) = -2*l**2 - 27*l - 11. Determine q(-13).
2
Let x(n) = -3*n - 10. What is x(-12)?
26
Let f(s) = -4*s**2 + 34*s + 41. Determine f(9).
23
Let c(w) = -w + 32. Determine c(14).
18
Let r(x) = -12*x. What is r(-5)?
60
Let s(g) = g**2 - 23*g + 134. What is s(10)?
4
Let v(h) = -2*h**2 - 11*h + 12. Give v(-6).
6
Let j(a) = -4*a - 9. What is j(-4)?
7
Let v(c) = -c**3 - 19*c**2 - 2*c - 54. What is v(-19)?
-16
Let a(x) = -60*x**2 - x + 1. What is a(1)?
-60
Let d(g) = -g**2 - 5*g + 14. What is d(3)?
-10
Let l(y) = -6*y - 13. Calculate l(-3).
5
Let r(x) = -x**2 - 14*x + 60. Calculate r(-18).
-12
Let a(u) = -9*u - 173. Calculate a(-19).
-2
Let s(g) = -g**2 - 8*g + 17. Give s(-9).
8
Let x(h) = h**2 - 8*h - 10. Calculate x(8).
-10
Let n(f) = 31*f. Give n(-1).
-31
Let w(j) = -75*j + 68. Determine w(1).
-7
Let q(c) = -2*c**3 + c**2 - 1. Give q(1).
-2
Let g(b) = b**3 - 7*b**2 + 11*b - 16. Give g(6).
14
Let y(j) = -5*j - 306. Calculate y(-61).
-1
Let o(b) = -b**3 + 7*b**2 + 6. Calculate o(7).
6
Let m(q) = q**3 + 6*q**2 + 6*q - 5. Determine m(-4).
3
Let r(k) = -3*k + 16. Calculate r(7).
-5
Let r(b) = 55*b**3 - 2*b + 2. What is r(1)?
55
Let b(f) = -f**2 - 3*f + 5. Give b(-4).
1
Let v(u) = -19*u**2 + 3*u - 3. Calculate v(2).
-73
Let l(x) = x**3 + 3*x**2 + 4*x + 7. What is l(-3)?
-5
Let r(v) = v**3 - 12*v**2 - 10*v + 7. Give r(12).
-113
Let h(w) = 45*w. What is h(-1)?
-45
Let j(x) = x**3 + 2*x**2 - 3*x + 8. Determine j(-4).
-12
Let p(y) = -y**3 - 13*y**2 - y - 19. What is p(-13)?
-6
Let u(m) = -8*m - 43. Calculate u(-6).
5
Let m(z) = -z**3 + 7*z**2 + 7*z - 7. Give m(8).
-15
Let s(a) = -2*a**2 - 3*a + 64. What is s(5)?
-1
Let c(b) = b**3 + 9*b**2 + 22*b + 10. Give c(-6).
-14
Let g(r) = -2*r**2 + 7*r - 4. Determine g(4).
-8
Let q(k) = -4*k - 7. Calculate q(-8).
25
Let z(p) = 16*p + 65. Determine z(-4).
1
Let x(r) = -r**2 + 8*r - 10. Give x(7).
-3
Let a(s) = -s**3 + s**2 + 5*s + 6. Give a(-3).
27
Let s(z) = -7*z - 12. Determine s(-2).
2
Let s(t) = -t - 65. Give s(7).
-72
Let b(x) = -19*x - 64. Give b(-3).
-7
Let i(q) = -2*q**2 + 9*q - 13. What is i(2)?
-3
Let h(w) = w**3 - 9*w**2 + w + 2. What is h(9)?
11
Let i(m) = -m - 23. Calculate i(-26).
3
Let f(s) = s**2 - 28*s + 87. Give f(25).
12
Let w(h) = -h**2 - 16*h - 39. Determine w(-11).
16
Let t(i) = 4*i + 19. Calculate t(-3).
7
Let m(j) = -j**3 - 6*j**2 - 9*j + 1. Determine m(-3).
1
Let z(h) = -24*h + 400. Determine z(17).
-8
Let o(p) = 5*p - 1. Determine o(-6).
-31
Let v(j) = -12*j + 41. Determine v(1).
29
Let r(a) = -a**2 + 6*a + 12. Calculate r(8).
-4
Let h(q) = 8*q**2 - 3*q + 2. What is h(1)?
7
Let z(w) = -4*w - 45. What is z(-10)?
-5
Let b(z) = z**3 + 2*z**2 + z - 18. Calculate b(0).
-18
Let z(a) = 16*a**2 + 16*a. Give z(-1).
0
Let g(q) = q**3 + 13*q**2 + 9*q - 38. Give g(-12).
-2
Let r(t) = -t**3 - 5*t**2 + 4*t - 16. What is r(-7)?
54
Let o(h) = h**3 + 2*h**2 + 4*h + 1. What is o(-3)?
-20
Let y(x) = -8*x + 86. What is y(11)?
-2
Let a(y) = -2*y - 28. What is a(-3)?
-22
Let t(b) = 5*b**3 - 2*b**2 + b + 2. What is t(-1)?
-6
Let s(h) = -6*h + 2. Calculate s(9).
-52
Let d(l) = -16*l - 198. Give d(-13).
10
Let x(b) = 7*b - 42. Determine x(6).
0
Let b(d) = -d**3 - 7*d**2 - 7*d - 13. Give b(-7).
36
Let y(s) = -s**2 - 4*s + 2. Determine y(5).
-43
Let x(a) = -4*a + 3. Give x(-4).
19
Let n(c) = -c**2 + 20*c + 50. Determine n(21).
29
Let n(y) = -4*y + 11. What is n(5)?
-9
Let j(y) = -y**2 + 10*y + 56. Determine j(14).
0
Let d(r) = r**3 + 7*r**2 + 4*r - 3. What is d(-5)?
27
Let q(l) = -2*l**2 + l - 4. Calculate q(-3).
-25
Let z(a) = -a**3 + 9*a**2 - a + 17. What is z(9)?
8
Let w(r) = -r**2 + 10*r + 7. Calculate w(-6).
-89
Let c(b) = -2*b - 47. What is c(-22)?
-3
Let v(s) = s**2 - 17*s - 3. Give v(17).
-3
Let d(h) = 3*h + 20. Calculate d(-7).
-1
Let o(f) = -f**2 + 16*f - 36. What is o(12)?
12
Let k(p) = 2*p**2 - 39*p + 14. Give k(19).
-5
Let h(u) = -u**3 - 4*u**2 - 2*u + 5. What is h(-3)?
2
Let p(z) = z**3 - z**2 - z - 103. Give p(0).
-103
Let i(x) = -12*x + 105. Determine i(13).
-51
Let h(l) = -l**3 - 14*l**2 - 17*l - 9. Determine h(-13).
43
Let l(n) = 9*n - 3. What is l(0)?
-3
Let m(c) = -13*c - 73. Calculate m(-6).
5
Let v(a) = a**2 - 2*a - 2. Determine v(-6).
46
Let g(z) = -36*z - 255. Determine g(-7).
-3
Let s(p) = -p**3 - 10*p**2 - 13*p - 33. Calculate s(-9).
3
Let x(q) = q**2 - 7*q + 2. What is x(5)?
-8
Let h(v) = v**3 + 12*v**2 - v + 2. Calculate h(-12).
14
Let r(j) = -j + 24. Give r(8).
16
Let k(g) = g**3 - g**2 + 6*g - 5. Give k(2).
11
Let q(n) = 4*n - 36. Determine q(7).
-8
Let c(s) = -s**3 - 5*s**2 - 5*s + 5. What is c(-4)?
9
Let h(s) = -2*s + 46. Determine h(21).
4
Let x(n) = -2*n**2 + 4*n + 4. What is x(4)?
-12
Let t(v) = -v**3 - 6*v**2 + 2*v + 2. Determine t(-5).
-33
Let u(q) = 18*q - 109. Give u(6).
-1
Let t(d) = 3*d**2 - 6*d + 6. Calculate t(5).
51
Let b(r) = 60*r + 946. What is b(-16)?
-14
Let u(j) = 2*j - 29. What is u(27)?
25
Let n(l) = -l**3 - 5*l**2 + 5*l + 8. What is n(-6)?
14
Let h(k) = 25*k + 224. Determine h(-9).
-1
Let h(c) = -c**3 + 7*c**2 - 6*c + 2. Calculate h(6).
2
Let i(b) = -b**2 + 30*b + 90. De